base 14) in base 10?
-615
What is -3368 (base 13) in base 9?
-10762
-5021 (base 6) to base 7
-3121
Convert -311a (base 11) to base 8.
-10047
Convert -102712 (base 9) to base 8.
-167235
-3162 (base 15) to base 10
-10442
5cac (base 15) to base 8
46431
26554 (base 7) to base 9
10717
927 (base 12) to base 16
52f
What is 8d9 (base 16) in base 9?
3086
-1130310 (base 4) to base 15
-1b60
Convert -4364 (base 7) to base 2.
-11000011101
-2013310 (base 4) to base 7
-34225
Convert -34300 (base 9) to base 7.
-123411
Convert -2523 (base 6) to base 5.
-10002
-922 (base 11) to base 10
-1113
Convert -22321 (base 5) to base 13.
-950
Convert -222210 (base 3) to base 13.
-438
-5601 (base 11) to base 14
-2994
Convert -16455 (base 11) to base 6.
-255135
What is 43641 (base 9) in base 3?
1110201101
What is -493 (base 12) in base 13?
-40b
Convert -751 (base 10) to base 8.
-1357
Convert 1253 (base 6) to base 15.
166
What is 10242 (base 5) in base 6?
3121
What is 13ba0 (base 14) in base 3?
2111010202
Convert 1a1 (base 11) to base 6.
1024
Convert -221320 (base 4) to base 5.
-41210
What is -50 (base 7) in base 14?
-27
What is -14078 (base 9) in base 4?
-2111030
Convert -3724 (base 8) to base 16.
-7d4
2133202 (base 4) to base 14
3a14
Convert 100110100 (base 3) to base 11.
51a8
Convert 111100001000 (base 2) to base 6.
25452
-5810 (base 10) to base 13
-284c
589 (base 10) to base 16
24d
What is -10011110110001101 (base 2) in base 8?
-236615
Convert 37986 (base 10) to base 7.
215514
54334 (base 7) to base 16
34ed
332 (base 10) to base 11
282
Convert 1101010101101001 (base 2) to base 3.
2202221110
-13110 (base 5) to base 8
-2006
468 (base 10) to base 12
330
Convert 612 (base 13) to base 3.
1102010
487 (base 13) to base 8
1423
1101010101100 (base 2) to base 9
10326
-1 (base 4) to base 2
-1
-131454 (base 6) to base 14
-4574
14706 (base 9) to base 7
41205
22dd (base 14) to base 16
17bb
Convert -2201002 (base 4) to base 10.
-10306
What is -18b (base 12) in base 14?
-13d
Convert -312 (base 15) to base 2.
-1010110100
Convert -22030201 (base 4) to base 8.
-121441
1841 (base 9) to base 15
644
What is 32865 (base 10) in base 14?
bd97
Convert 1938 (base 10) to base 16.
792
What is -10030133 (base 4) in base 15?
-5158
Convert 1316 (base 11) to base 6.
11531
-a6b (base 15) to base 10
-2351
Convert -10310330 (base 4) to base 6.
-231312
What is -14083 (base 10) in base 6?
-145111
What is 21102121 (base 3) in base 16?
1528
What is cb7c (base 16) in base 6?
1041100
What is 184a (base 12) in base 5?
43223
What is 1010011001 (base 2) in base 10?
665
Convert 37b (base 14) to base 5.
10242
Convert -3653 (base 7) to base 16.
-551
Convert 1438 (base 9) to base 4.
101000
Convert -13b (base 16) to base 14.
-187
-1230132 (base 4) to base 8
-15436
What is -2432 (base 5) in base 11?
-304
4130231 (base 5) to base 2
10000011111101110
Convert -504031 (base 6) to base 10.
-39763
Convert 100011100001110 (base 2) to base 8.
43416
Convert 11112211 (base 3) to base 12.
1b04
Convert -1bb (base 12) to base 16.
-11f
What is 245052 (base 7) in base 4?
22332222
What is -71270 (base 9) in base 4?
-23130201
Convert -636 (base 16) to base 14.
-818
What is 10675 (base 8) in base 6?
33005
What is 491 (base 10) in base 12?
34b
What is -124 (base 6) in base 15?
-37
-2279 (base 12) to base 5
-110322
Convert 2668 (base 14) to base 4.
1221210
What is -148 (base 16) in base 11?
-279
Convert -4b8 (base 13) to base 16.
-33b
Convert 325 (base 6) to base 12.
a5
What is 2459a (base 12) in base 2?
1100000001000110
-1234 (base 14) to base 11
-2433
1424442 (base 5) to base 11
205a0
Convert 2021 (base 4) to base 5.
1022
333434 (base 6) to base 14
a302
1163 (base 9) to base 15
3cc
-6b25 (base 14) to base 2
-100100011011101
Convert e0 (base 16) to base 11.
194
Convert -408d (base 16) to base 9.
-24601
-406 (base 10) to base 3
-120001
1f3 (base 16) to base 9
614
-12142 (base 9) to base 16
-1fca
What is -188 (base 15) in base 11?
-2a1
What is 22222 (base 3) in base 13?
158
Convert -bb6e (base 16) to base 14.
-136b4
What is -1135 (base 7) in base 15?
-1cd
What is 1001312 (base 4) in base 9?
5702
What is 782 (base 13) in base 15?
5ae
23041 (base 5) to base 2
11001101110
What is 110110100000 (base 2) in base 15?
1078
What is -310 (base 15) in base 10?
-690
What is -1736 (base 8) in base 14?
-50a
2113102 (base 4) to base 14
3758
Convert -43 (base 8) to base 6.
-55
What is 3227 (base 10) in base 15?
e52
What is -4915 (base 11) in base 13?
-2c07
What is -3752a (base 11) in base 2?
-1101001001110101
What is 305 (base 9) in base 6?
1052
Convert 2627 (base 11) to base 5.
102132
Convert 4543 (base 6) to base 11.
894
23a0 (base 14) to base 3
22112020
Convert 545034 (base 6) to base 11.
30a30
-43a (base 12) to base 15
-2b7
What is -230200 (base 4) in base 7?
-11206
What is -2014 (base 15) in base 8?
-15161
2754 (base 15) to base 3
102112021
Convert -1001100001000100 (base 2) to base 7.
-221434
What is -221032 (base 5) in base 9?
-11431
-447 (base 8) to base 10
-295
978a (base 13) to base 4
11021032
75c (base 14) to base 8
2656
Convert -1110011000 (base 2) to base 9.
-1232
13940 (base 15) to base 12
30443
Convert 4944 (base 14) to base 6.
135132
What is 540 (base 14) in base 3?
1102101
3335 (base 7) to base 4
102302
What is a84 (base 16) in base 13?
12c1
Convert 81d (base 14) to base 4.
120323
What is -10010011101110 (base 2) in base 5?
-300304
-10202202 (base 3) to base 8
-5273
-13795 (base 10) to base 9
-20827
-42100 (base 5) to base 11
-20a3
4e (base 15) to base 5
244
Convert -8155 (base 14) to base 4.
-11123033
What is -5090 (base 10) in base 15?
-1795
What is -297 (base 11) in base 9?
-426
What is 31003 (base 5) in base 8?
3723
Convert -1509 (base 12) to base 4.
-212121
Convert -1723 (base 12) to base 11.
-2092
Convert -166 (base 9) to base 4.
-2031
Convert -5155 (base 7) to base 10.
-1804
Convert -313 (base 8) to base 3.
-21112
-1504 (base 7) to base 6
-2424
Convert 1170 (base 14) to base 4.
233132
Convert -20121110 (base 3) to base 4.
-1023102
What is -12315 (base 9) in base 10?
-8276
Convert -481 (base 9) to base 6.
-1501
Convert -9c9 (base 13) to base 15.
-776
What is 235162 (base 7) in base 14?
11769
Convert -ba32 (base 12) to base 13.
-942b
-7096 (base 10) to base 11
-5371
1011111100111 (base 2) to base 13
2a29
-5066 (base 13) to base 8
-25475
What is -4575 (base 8) in base 12?
-14a5
What is 4297 (base 12) in base 3?
101000221
What is 132 (base 11) in base 15?
a6
Convert 2826 (base 11) to base 2.
111001001010
What is a47 (base 16) in base 12?
1633
-745 (base 10) to base 13
-454
Convert -4d49 (base 14) to base 6.
-142525
Convert -22024 (base 7) to base 5.
-134011
Convert 4335 (base 8) to base 14.
b81
What is -114 (base 9) in base 10?
-94
Convert -1400 (base 5) to base 10.
-225
What is 3a6 (base 12) in base 16?
22e
What is -314b7 (base 12) in base 15?
-14251
What is 5422 (base 7) in base 16?
787
-c9f (base 16) to base 9
-4380
What is 1530 (base 13) in base 6?
22133
-202110 (base 4) to base 16
-894
What is 616 (base 8) in base 15?
1b8
Convert -724 (base 8) to base 16.
-1d4
-1102022202 (base 3) to base 16
-6d22
What is 131043 (base 6) in base 16?
2e83
877 (base 11) to base 9
1388
Convert 2378 (base 10) to base 3.
10021002
What is 11230 (base 4) in base 12?
264
What is 42203 (base 11) in base 5?
3431341
What is 100010111000 (base 2) in base 15?
9dc
-144515 (base 6) to base 15
-4245
-23062 (base 10) to base 8
-55026
What is 906a (base 16) in base 13?
13a9b
-10216 (base 12) to base 7
-115230
What is -23411 (base 5) in base 14?
-8b9
What is -616 (base 10) in base 9?
-754
1020 (base 5) to base 7
252
-11210301 (base 4) to base 14
-846d
What is -43a3 (base 13) in base 10?
-9428
What is -1100110111101 (base 2) in base 15?
-1e44
What is -c00 (base 15) in base 4?
-222030
What is -11542 (base 15) in base 3?
-2210200222
What is 204401 (base 6) in base 12?
9701
2b (base 16) to base 11
3a
4722 (base 9) to base 15
1088
25606 (base 7) to base 2
1101010100001
112423 (base 5) to base 7
14664
-4656 (base 11) to base 9
-8340
What is -27213 (base 8) in base 15?
-37e5
30023 (base 7) to base 2
1110000110100
What is 2311323 (base 4) in base 8?
26573
What is -2120 (base 6) in base 13?
-2ac
Convert -e56 (base 15) to base 4.
-302133
What is -14856 (base 9) in base 10?